
-5a9 (base 13) to base 10
-984
Convert 695 (base 15) to base 4.
113102
Convert -34523 (base 8) to base 6.
-151535
Convert 204642 (base 7) to base 4.
20213232
Convert -18276 (base 10) to base 8.
-43544
-33675 (base 9) to base 13
-a28c
-a67 (base 14) to base 13
-c1a
Convert 13210 (base 5) to base 8.
2037
What is 1362 (base 7) in base 4?
20112
What is -13425 (base 9) in base 6?
-110035
What is 8511 (base 12) in base 5?
431212
What is 126 (base 10) in base 16?
7e
23b9 (base 12) to base 10
4029
41423 (base 5) to base 2
101010110010
Convert -10524 (base 15) to base 9.
-78027
What is -110010001100 (base 2) in base 11?
-2460
Convert 2013 (base 6) to base 12.
309
-1252 (base 10) to base 12
-884
Convert -c9c (base 16) to base 8.
-6234
-514 (base 8) to base 7
-653
What is 325 (base 14) in base 3?
212000
Convert -1000100 (base 2) to base 7.
-125
Convert 13531 (base 11) to base 15.
5a9d
Convert -79c (base 14) to base 3.
-2001221
102002012 (base 3) to base 6
101222
Convert 27211 (base 10) to base 14.
9cb9
What is -144a (base 15) in base 3?
-12221221
Convert 469 (base 14) to base 2.
1101101101
Convert 25c1 (base 13) to base 12.
3158
Convert 16913 (base 12) to base 14.
bb55
What is -11785 (base 10) in base 12?
-69a1
What is -2495 (base 14) in base 11?
-48a1
-986 (base 13) to base 8
-3137
-5423 (base 6) to base 11
-a27
What is 1101110010000 (base 2) in base 3?
100200100
What is -1432 (base 8) in base 14?
-40a
What is -45 (base 9) in base 11?
-38
What is 2706 (base 10) in base 3?
10201020
What is 822 (base 11) in base 10?
992
Convert 101001 (base 3) to base 16.
10f
Convert -100111011000111 (base 2) to base 14.
-74c7
Convert 26305 (base 7) to base 9.
10551
What is -23 (base 13) in base 11?
-27
What is -4233221 (base 5) in base 16?
-11595
232343 (base 5) to base 14
3133
233002 (base 5) to base 15
27bc
Convert 31aa (base 14) to base 5.
233303
What is -4755 (base 11) in base 5?
-144411
What is 115 (base 16) in base 7?
544
-1532 (base 7) to base 15
-2ab
Convert 17066 (base 10) to base 5.
1021231
Convert 100100 (base 4) to base 7.
3014
Convert -102221 (base 4) to base 13.
-70a
What is 407b (base 15) in base 2?
11010100110000
Convert 1018 (base 13) to base 9.
3034
-6b0 (base 14) to base 6
-10054
What is 3b5 (base 12) in base 5?
4234
112d (base 16) to base 6
32205
Convert -310123 (base 5) to base 8.
-23466
Convert 584 (base 11) to base 8.
1271
Convert -498 (base 11) to base 10.
-591
Convert 5202 (base 11) to base 9.
10415
3314101 (base 5) to base 12
29275
Convert 5618 (base 11) to base 16.
1ce8
What is 4288 (base 10) in base 9?
5784
Convert 1000211200 (base 3) to base 2.
100111101000111
-111121 (base 3) to base 16
-16f
Convert 3310310 (base 4) to base 6.
200312
-1304 (base 11) to base 6
-11510
2493 (base 13) to base 11
3999
Convert 2470 (base 8) to base 3.
1211111
What is -1322124 (base 6) in base 4?
-101311210
What is d01 (base 14) in base 2?
100111110101
-11000011 (base 3) to base 9
-4004
15405 (base 8) to base 9
10435
Convert -a32 (base 11) to base 15.
-580
What is 13c5a (base 15) in base 9?
106134
What is -211112102 (base 3) in base 12?
-960b
Convert 221 (base 14) to base 5.
3141
What is 1261 (base 9) in base 7?
2521
What is 25 (base 11) in base 2?
11011
What is -11602 (base 7) in base 11?
-2314
What is 1366 (base 16) in base 4?
1031212
Convert -453 (base 13) to base 9.
-1016
Convert 101001010001 (base 2) to base 9.
3554
Convert 110001111 (base 2) to base 6.
1503
-1024041 (base 5) to base 16
-43f4
-2011 (base 6) to base 9
-537
What is -110001100010 (base 2) in base 11?
-2422
Convert 10c (base 16) to base 11.
224
Convert -373 (base 9) to base 10.
-309
What is 2a0 (base 12) in base 7?
1122
What is 2003 (base 5) in base 16?
fd
-1543 (base 7) to base 14
-323
Convert -1022100121 (base 3) to base 14.
-9570
-20133 (base 8) to base 3
-102100210
What is eb44 (base 16) in base 6?
1142500
Convert -2943 (base 14) to base 16.
-1c8f
Convert 28b (base 13) to base 7.
1215
What is 70 (base 15) in base 4?
1221
What is -13620 (base 8) in base 15?
-1bc2
What is -ca (base 14) in base 16?
-b2
What is 4235 (base 6) in base 3?
1022112
What is 4a (base 15) in base 13?
55
What is 133024 (base 6) in base 13?
57c4
What is 8818 (base 16) in base 15?
a4ca
Convert -487b (base 14) to base 9.
-18318
-33114 (base 5) to base 7
-6442
Convert -680 (base 10) to base 5.
-10210
What is -102331 (base 4) in base 13?
-724
Convert -16040 (base 9) to base 16.
-2adb
What is 250 (base 11) in base 10?
297
-38 (base 15) to base 9
-58
20101201 (base 3) to base 10
4663
What is 2222002 (base 3) in base 6?
14002
Convert -48e3 (base 15) to base 11.
-10723
-110311 (base 4) to base 15
-5dd
2796 (base 12) to base 7
16230
What is 48c (base 13) in base 15?
37c
-2121 (base 5) to base 12
-1ba
10010001111101 (base 2) to base 16
247d
Convert -134 (base 8) to base 15.
-62
-4a7 (base 11) to base 6
-2441
What is -101011011 (base 2) in base 16?
-15b
What is -3111203 (base 4) in base 11?
-a2a5
What is -2aa (base 14) in base 12?
-392
What is 111112020 (base 3) in base 14?
3845
Convert -3704 (base 10) to base 4.
-321320
4349 (base 16) to base 13
7ac0
Convert c64 (base 14) to base 16.
988
What is 2585 (base 9) in base 10?
1940
What is 11957 (base 10) in base 6?
131205
Convert 12210220 (base 3) to base 11.
3201
What is 17e (base 15) in base 12?
248
What is 2332321 (base 4) in base 10?
12217
What is -2265 (base 8) in base 2?
-10010110101
Convert 40521 (base 6) to base 9.
7334
What is 245 (base 8) in base 6?
433
Convert 5a3 (base 15) to base 13.
774
10503 (base 6) to base 13
89a
Convert 10013 (base 4) to base 10.
263
Convert 2729 (base 12) to base 11.
3419
Convert -2112001 (base 3) to base 8.
-3455
What is 8636 (base 10) in base 8?
20674
What is -19a0 (base 13) in base 10?
-3848
-342 (base 12) to base 14
-266
201133 (base 5) to base 3
22210201
Convert 3255 (base 6) to base 15.
355
Convert -4112421 (base 5) to base 4.
-100100303
What is 11061 (base 7) in base 12?
1743
Convert 3770 (base 8) to base 15.
910
Convert -198 (base 16) to base 15.
-1c3
What is -30043 (base 5) in base 11?
-1476
Convert -2004440 (base 5) to base 7.
-161626
What is -3280 (base 10) in base 11?
-2512
What is 2017 (base 12) in base 10?
3475
2aec (base 15) to base 11
6a24
Convert 763 (base 8) to base 5.
3444
What is 11 (base 13) in base 2?
1110
Convert -4d74 (base 16) to base 3.
-1000012101
Convert 66c4 (base 16) to base 12.
13284
What is -2b409 (base 12) in base 16?
-ee89
Convert -12111210 (base 4) to base 8.
-62544
What is -400 (base 8) in base 14?
-144
What is -3e8 (base 15) in base 4?
-31331
Convert 7fc (base 16) to base 6.
13244
7c (base 13) to base 4
1213
-11177 (base 10) to base 8
-25651
Convert 14221 (base 5) to base 9.
1557
-726 (base 8) to base 14
-258
Convert 3242 (base 5) to base 16.
1bf
What is 1012121221 (base 3) in base 12?
11921
Convert 13010 (base 4) to base 16.
1c4
What is -14514 (base 12) in base 3?
-1102221021
-d0 (base 15) to base 8
-303
-cd (base 16) to base 10
-205
What is 1d9 (base 15) in base 7?
1152
What is -3239 (base 13) in base 7?
-26225
Convert -100001001010 (base 2) to base 10.
-2122
54636 (base 7) to base 11
a323
What is 1010 (base 5) in base 14?
94
589 (base 14) to base 9
1453
What is -24d9 (base 16) in base 9?
-13841
-6a3 (base 12) to base 2
-1111011011
-1520 (base 6) to base 7
-1122
What is 24 (base 10) in base 12?
20
-25075 (base 8) to base 15
-330d
What is -18d9 (base 14) in base 10?
-4503
What is -22004 (base 5) in base 9?
-2051
What is 1101110 (base 2) in base 7?
215
Convert -465 (base 13) to base 7.
-2133
Convert -20a2 (base 13) to base 14.
-1914
-a817 (base 11) to base 2
-11011111011000
-1012022011 (base 3) to base 11
-16768
What is 122201 (base 3) in base 15?
21d
Convert -2598 (base 13) to base 2.
-1010011110100
60 (base 15) to base 4
1122
Convert 1451 (base 9) to base 3.
1111201
What is 30043 (base 7) in base 6?
53254
28129 (base 10) to base 6
334121
What is -39d0 (base 16) in base 6?
-152304
Convert -75a (base 14) to base 13.
-879
What is 12a (base 15) in base 6?
1121
What is 2032 (base 4) in base 11?
11a
Convert 6baa (base 12) to base 4.
2330302
Convert 2201011012 (base 3) to base 6.
1050522
What is -32215 (base 6) in base 14?
-1867
75 (base 8) to base 2
111101
Convert -311 (base 12) to base 5.
-3240
What is -5f (base 1